 66 - 5. What is the greatest common divisor of 91 and w?
13
Let z = 12 + -10. Let h be 4/1 - 4/z. Let n(s) = 8*s. Let a be n(h). Calculate the greatest common divisor of a and 40.
8
Let z be (-30)/165 - (-35)/11. Let o be (11 + 2)*(z + -2). Suppose 0 = -0*b - b + 52. Calculate the greatest common factor of o and b.
13
Suppose 0 = 3*t + 3*p - 54, 5*t - 4*p - 28 = 71. Calculate the highest common divisor of 228 and t.
19
Let k be (2/(-6))/((-2)/786 - 0). Let w = k + -75. Suppose -4*l - 9 = -37. Calculate the greatest common factor of l and w.
7
Suppose -s - 6*n + 1158 = -10*n, -2*s = -n - 2302. Calculate the greatest common factor of 92 and s.
46
Let l = -369 - -409. Calculate the highest common divisor of l and 1560.
40
Let r = -38171 - -38174. Suppose 0*k = 2*k - 8, 3*k + 81 = 3*s. Suppose -5*w + 14 = -s. What is the highest common divisor of r and w?
3
Suppose 0 = 3*s + 3*f - 246, s = 4*f - 8*f + 73. What is the highest common factor of 17 and s?
17
Suppose 24 + 11 = 5*l. Let b(w) = -w + 16. Let u be b(l). Let k(o) = o**2 - 1. Let r be k(2). What is the greatest common divisor of r and u?
3
Let f = -396 + 276. Let x = f + 128. What is the greatest common factor of x and 152?
8
Let y = -2346 - -3114. What is the greatest common divisor of y and 36?
12
Let o = -1199 - -1775. Suppose 5*w - o = w. Let y = 3900 - 3884. Calculate the greatest common factor of w and y.
16
Suppose 30*m - 1351 = 719. Calculate the greatest common factor of 115 and m.
23
Suppose 7*y - 9*y = -1910. Suppose 0 = 4*p - f - 776, -5*p + 9*f - 4*f = -y. Calculate the greatest common divisor of p and 15.
15
Let y(x) = x**2 - 7*x - 4. Let z be y(9). Suppose -22 = 24*t - 26*t. Suppose -t*n + 23*n = 1848. Calculate the highest common divisor of n and z.
14
Let u be 1/(-5) - (-2)/10. Let s be 199 - u*(-2)/(-4). Suppose -5*c - k = -256, 4*c - 4*k - s = k. Calculate the highest common divisor of 34 and c.
17
Let p = 19 - -11. Let d = 33 - 23. Let m = -4 + d. What is the greatest common divisor of p and m?
6
Suppose -s = -0*s + 60. Let y = s + 186. Let c = -62 + y. What is the highest common divisor of c and 16?
16
Suppose -5*r + 4*o = -712, -2*r + o + o + 286 = 0. Suppose -i = 4*i - r. What is the highest common factor of i and 14?
14
Let a be ((-24)/(-15))/(6/(-15)). Let b be (-2296)/(-44) + a/22. Calculate the greatest common divisor of 130 and b.
26
Let q(h) = 9*h - 67. Let j be q(11). Suppose 0 = -4*l + 3 - 19, 0 = 4*p + 2*l - 632. Calculate the greatest common divisor of p and j.
32
Suppose 5*o = 3*z - 80, 9 - 25 = o - 3*z. Let h = 23 + o. Let j(q) = q + 6. Let c be j(h). What is the highest common factor of 13 and c?
13
Suppose -3*n = 3*f - 2853 - 291, f + 4*n = 1060. Calculate the greatest common divisor of f and 29.
29
Let h be (-108584)/(-77) + (-6)/33. What is the greatest common factor of h and 20?
10
Let i be ((-4)/5*-6)/((-4)/(-20)). Calculate the greatest common divisor of i and 60.
12
Let k(s) = s + 251. Let i be k(22). Calculate the highest common factor of 52 and i.
13
Let b(p) = 2*p + 3*p + 0*p + 66. Let v be b(-13). What is the highest common divisor of v and 8?
1
Suppose -2*i - 41 = -4*b - 7*i, i - 17 = -3*b. Suppose -b*g + 8*g - 80 = -5*y, -48 = -3*y - 4*g. What is the highest common divisor of y and 8?
8
Let p(s) = 13*s - 5. Let i be p(-3). Let d be 2/(-11) - 756/i. Let l = d + 5. What is the greatest common divisor of l and 2?
2
Let x be 7 - (-1 + 6 + -11 - 6). Let p = 9 - -10. Calculate the highest common divisor of p and x.
19
Suppose 38*s - 35*s - 81 = 0. Let i = s - 19. Calculate the highest common factor of 1 and i.
1
Let p = 137 - 89. Suppose -3*a = -5*l + 10, 4*l - 3*a - 5 = -0*l. Suppose l*w = 6*w - 16. What is the greatest common factor of p and w?
16
Let o = -7 + 4. Let l be (12 + -2 - 3) + o. Suppose 6*x - l*x = 28. What is the greatest common factor of 2 and x?
2
Suppose 2*o = -2*z, 4*z = 3*z - 3*o. Suppose t + 5*l = 6, -t + l + 12 = -z*l. What is the greatest common divisor of 121 and t?
11
Suppose z - 9 = j + 6*z, -3*j - 5*z + 23 = 0. Let n be 3/(-6) + 28/8. Suppose -5*i = 3*h - n - 34, 5*h + 2*i = 30. What is the highest common factor of j and h?
4
Let z = 357 - 349. Calculate the greatest common factor of z and 152.
8
Let h = -19 + 9. Let c = 22 + h. Suppose 0 = 5*k + o - 46 - 13, 0 = 5*o + 5. What is the highest common divisor of c and k?
12
Suppose 3*w = 5*x + 12, 2*x - 8 = -0*w - 2*w. Suppose w*s - 2*u - 82 = -0*u, s - 23 = u. Calculate the highest common divisor of s and 12.
6
Let u(c) = -13*c - 71. Let t be u(-6). What is the highest common divisor of t and 203?
7
Suppose f + 3*f + z = 303, -3*z + 370 = 5*f. Let p be (-8)/(48/(-54)) + 2. Calculate the highest common divisor of p and f.
11
Suppose 2*a = -3*l + 17, 0*l - 2*l = a - 6. Suppose -3*v + 5 = -2*i + 7, 16 = 4*i. Calculate the highest common factor of a and v.
2
Suppose -9*z + 863 = -5212. What is the highest common factor of z and 27?
27
Let a(g) = 4*g + 8. Let f be a(15). Calculate the highest common divisor of f and 17.
17
Let l be (-2)/13 + 452880/585. Calculate the highest common divisor of l and 18.
18
Let w(k) = -k**3 - k**2 - k + 2. Let f be w(-2). Suppose 4*z + 4*p - 103 = 29, 0 = -4*z - 3*p + 131. Calculate the highest common divisor of f and z.
8
Suppose 3*q + 1 = 19. Let y be 2/q - 220/(-33). Calculate the highest common divisor of 1 and y.
1
Let s be 30/40 + (-5)/(-4). Suppose 0 = s*t - 4*o - 0*o + 26, -5*t + 5*o = 70. Let n be (-10)/(-4)*(-36)/t. What is the highest common factor of n and 6?
6
Let s be 1/9 - (16856/(-126))/2. Calculate the highest common factor of 201 and s.
67
Let d(w) = 2*w**2 + 19*w + 64. Let g be d(-4). Calculate the highest common factor of g and 650.
10
Let q be -65 + 5 + (1 + -2)/(-1). Let t = 64 + q. What is the greatest common factor of t and 40?
5
Suppose -30*d - 24 = -204. What is the highest common divisor of d and 21?
3
Let f be 4*(-2)/(-20) - (-1915)/25. What is the greatest common divisor of f and 77?
77
Let j(i) = -i**3 + 13*i**2 + 31*i + 1. Let s be j(15). What is the greatest common factor of 36 and s?
4
Let l = 97 - 89. Suppose l*o - 33 = 7*o. What is the greatest common factor of o and 22?
11
Let l be 9/(-24)*6 - 6/8. Let t be l*(-6)/(-63) - 16/(-7). What is the greatest common divisor of t and 5?
1
Let k(r) = r**3 + 12*r**2 - 32*r + 9. Let v be k(-14). Calculate the greatest common divisor of 91 and v.
13
Let r(o) = 2*o**2 - 10*o + 1. Let b be r(6). Suppose -3*p - b = -4. Let h be 1 + 1/(4 + p). What is the greatest common divisor of 4 and h?
2
Let s = 38 + 4. What is the greatest common factor of s and 399?
21
Let k be 3 - -6 - 2*(-1)/2. What is the highest common divisor of 290 and k?
10
Let l(b) = -b**3 + b**2 - b + 27. Let t be l(0). Let z = 65 + -59. Let v be z - (0 - (-1 + 4)). What is the highest common factor of t and v?
9
Suppose 9*n - 11*n - 320 = 0. Let s be (-8)/(-10) - 6272/n. Calculate the greatest common divisor of s and 30.
10
Let l = 280 - 265. What is the highest common divisor of l and 45?
15
Let h(d) = d**2 + 16*d + 38. Let o be h(-21). Calculate the highest common divisor of 13 and o.
13
Let u = -31 + 39. Let q be (u/(-20))/((-1)/80). Let n = -21 + q. What is the highest common factor of 99 and n?
11
Let x = 5 - 24. Let q = -7 - x. Suppose q*b + 12 = 14*b. What is the highest common divisor of 3 and b?
3
Suppose -3*i = 4*y - 63 - 4, -2*y = 3*i - 71. What is the greatest common divisor of 125 and i?
25
Let s(c) = -c + 23. Let f = 31 + -12. Let a be s(f). Suppose a*l - x = 143, 35 = l - 0*l - x. Calculate the greatest common divisor of l and 24.
12
Suppose -3*q + 4 = 4*t, t + 5 + 32 = 4*q. What is the highest common factor of q and 128?
8
Let c be 4/((-3)/((-9)/(-1))). Let j be 34/4 + 6/c. What is the highest common divisor of j and 4?
4
Suppose -8*j + 445 = -867. Suppose -2*z = 4*l - j, 258 = 3*z - 2*l + 5*l. Calculate the greatest common divisor of 60 and z.
30
Let v(p) = 3*p + 5. Let c be v(-1). What is the greatest common factor of 10 and c?
2
Let c be (-13)/(-22 - -9)*29. What is the highest common divisor of 464 and c?
29
Let a be 1188/(-81)*-21*1/2. Let l = -119 + a. Calculate the highest common divisor of l and 14.
7
Let c be ((-21)/2)/(3*1/(-18)). Calculate the greatest common factor of c and 18.
9